alculate the remainder when d is divided by 13.
11
Suppose -3*v + 86 = -v. Calculate the remainder when v is divided by 15.
13
Suppose -5*i - 4*c = -9*c - 185, -73 = -2*i + 3*c. What is the remainder when 150 is divided by i?
36
Let o = 26 + -17. What is the remainder when 5/(-1)*66/(-10) is divided by o?
6
Suppose 0 = 3*s - 7*s + 28. Suppose 9*t = 11*t - 10. Calculate the remainder when s is divided by t.
2
Let a = 61 - 14. Let t = 25 - 13. Calculate the remainder when a is divided by t.
11
Let p = -4 - -4. Suppose 2*d + p*d - 23 = 3*s, 25 = -5*s. Calculate the remainder when 6 is divided by d.
2
Suppose 0 = -2*g + 37 + 13. Calculate the remainder when g is divided by 8.
1
Let p(s) = s**3 - 10*s**2 - 24*s + 7. Let b be (-5)/(-3) - (-1)/3. Suppose -b*w = 2, w - 34 = -5*u + 25. Calculate the remainder when u is divided by p(12).
5
Let y = -4 + 17. Calculate the remainder when y is divided by 8.
5
Suppose 3*i = 2*n + i - 38, 10 = n - 4*i. Let j = 40 - n. Suppose 10*m = 12*m - 20. What is the remainder when j is divided by m?
8
Suppose -7*k + 3*k = 4. Let c be 1 - k - (54 - 1). Let h = -30 - c. What is the remainder when h is divided by 11?
10
Suppose 3*i - 63 + 12 = 0. Suppose -3*u + 4*u = 49. What is the remainder when u is divided by i?
15
Let h(x) = -7*x - 10. Let j be h(-7). Suppose 11 = -4*t + j. Suppose -f + 7 = i, 4*i - 3 = -2*f + 17. What is the remainder when t is divided by i?
1
Suppose 9 + 47 = 4*z. What is the remainder when 78/z + (-18)/(-42) is divided by 2?
0
Suppose 4*h + 11 = 255. Let z(o) = 11*o - 6. Calculate the remainder when h is divided by z(2).
13
Suppose 0 = -3*n - 2*n - 5*c + 50, 0 = -2*c + 8. What is the remainder when 19 is divided by 1 - (-3 + n) - -7?
4
Suppose 4*i + 2*d = 4, 5*i - 5*d = 4*i - 21. Let y be (2 - -11)*(i - -5). Let w = -20 + y. Calculate the remainder when w is divided by 11.
10
Let v(a) = -2 - 6 + 6 + a + 1. What is the remainder when 10 is divided by v(4)?
1
Let r be -2*-3*(-25)/6. Calculate the remainder when 11 is divided by ((-15)/r)/(3/15).
2
Let q = 1 - 5. Calculate the remainder when 9 is divided by ((-5)/2)/(2/q).
4
Let d = -4 - -12. Let l = 25 - d. Suppose 0 = j - 4*n + 7, 3*j - 2*n = 3*n + 7. What is the remainder when l is divided by j?
8
Let i = 850 - 129. Suppose -5*j - 111 + i = 0. Suppose 3*c + 35 = j. Calculate the remainder when c is divided by 10.
9
Let l = 56 + -45. What is the remainder when 76 is divided by l?
10
Let y(m) = m**2 + 5*m - 4. Suppose 2*k + 0 + 4 = 0. Calculate the remainder when y(-6) is divided by (4 + k)*(-2 + 3).
0
Let y(s) = 4*s**2 + s + 2. What is the remainder when y(-4) is divided by 16?
14
Suppose 2*p + 7 = 5*p - 5*s, 3*p + 3*s = 15. Suppose 20 = 4*v + p. Suppose 7 + 45 = v*m. What is the remainder when 36 is divided by m?
10
Let s(w) = -w**3 - 2*w**2 + 2*w. Let k be s(-3). Suppose 0*r - 36 = -k*r. Calculate the remainder when (-1)/(-2)*46/1 is divided by r.
11
Suppose -4*u + 12 = -2*u. Suppose -5*n + 5*m = 3*m - 91, 0 = n + 4*m - 5. What is the remainder when n is divided by u?
5
Suppose -4*r = i - 47, 3*r - r = -5*i + 325. What is the remainder when i is divided by 17?
16
Let r = 0 + 4. Let p(y) = y**2 - 3. Let o be p(-3). Calculate the remainder when o/(-21) + (-44)/(-7) is divided by r.
2
Calculate the remainder when 65 is divided by 200/6 - (-20)/(-60).
32
Let g(s) = -3*s**3 + s**2 + 3*s - 1. Let z be g(2). Let o = 31 + z. Let c = 14 + 33. What is the remainder when c is divided by o?
15
Suppose 17*f - 39 = 14*f. What is the remainder when 50 is divided by f?
11
Let j(m) = m**2 + m + 20. What is the remainder when j(7) is divided by 43?
33
Let n be 1060/25 - 2/5. Calculate the remainder when 53 is divided by 5/(15/n) + 0.
11
Let q = -16 - -29. Calculate the remainder when q is divided by (5/(-3))/((-14)/42).
3
Let s = 141 + -114. Calculate the remainder when 185 is divided by s.
23
Let m = -3 - -10. What is the remainder when 21 is divided by m + -3 + 3 + 1?
5
Suppose 2*b = 4*d + d - 19, -d + 3*b = 4. Suppose d*f = -13 - 17. Calculate the remainder when 12/(-18) - 46/f is divided by 3.
1
Suppose 0 = -4*m - 3 - 13. Let b(t) = -7*t + 7. What is the remainder when b(m) is divided by 9?
8
Let z(s) = -48*s. Let u be z(-3). Suppose -2*f = -1 - 7. Suppose l + 8 = 3*l, -5*o + f*l = -u. Calculate the remainder when o is divided by 17.
15
Let j be 1/(-2)*(-7 - 1). Suppose 1 - j = -r. What is the remainder when 11 is divided by r?
2
Suppose 4*b + 4 + 4 = 0. Let g = 2 - b. Suppose -2*k + 32 = 3*h - 6*k, 0 = 4*h - g*k - 44. Calculate the remainder when 22 is divided by h.
10
Suppose 2*y = 26 - 18. What is the remainder when 10 is divided by y?
2
What is the remainder when -1 + (41 - -2) + -1 is divided by (-6)/9*33/(-2)?
8
Suppose -5*y = -4 - 11. Suppose w - y*w = -50. What is the remainder when w is divided by 9?
7
Suppose 2*t - 69 = -15. Calculate the remainder when 61 is divided by (-6)/27 + 438/t.
13
Let t(v) = v**2 + 3*v - 2. Let f be t(-4). Suppose -4*b - f = -50. Calculate the remainder when (39/(-63) + (-6)/(-21))*-69 is divided by b.
11
Suppose 0 = -0*d - 3*d - 12. Calculate the remainder when 66 - 1 - (3 + d) is divided by 23.
20
Suppose t - 15 = 3*f, 3*t - 4*f + 7 = 32. Suppose -2*v - 2*s - s + 30 = 0, 5*s = 4*v - 16. Calculate the remainder when v is divided by t.
0
Suppose -25 = 5*r, -4*y = 4*r - 7*r - 147. What is the remainder when 131 is divided by y?
32
Suppose -2 = -2*k - 0. Suppose -q + 8 = 3*q. Suppose -q*z = k - 11. Calculate the remainder when 8 is divided by z.
3
Let i(m) = 6*m - 3. Calculate the remainder when 59 is divided by i(3).
14
Let c = 0 - 0. Suppose 0 = l - c*l - 36. What is the remainder when 70 is divided by l?
34
Let f(r) = -r**3 - 5*r**2 - 5*r + 4. Suppose 10 = 5*i - z, -5*i + z + 4*z = 10. What is the remainder when f(-4) is divided by i?
2
Suppose 5*w - 3*d + 18 = 0, 0 = -5*w + d - 2*d - 34. What is the remainder when 318/10 - w/30 is divided by 11?
10
Suppose 2*n = -3*n - 20, 4*n = 5*k + 4. What is the remainder when 23 is divided by k/(-8)*24*1?
11
Suppose 3*x - x - 10 = 0. Let s(v) = v + 2. Let z be (-4)/20 - 56/(-5). What is the remainder when s(z) is divided by x?
3
Suppose 0 = 4*b - 255 - 85. Calculate the remainder when b is divided by 22.
19
Let z = -5 + 10. Calculate the remainder when 7 is divided by z.
2
Let q = 9 + -2. What is the remainder when q is divided by 5?
2
Suppose 19 = 5*f - 3*p, f - 4*p + 0*p + 3 = 0. Let m be (-3 + 1)/(1/(-16)). Let t = -19 + m. What is the remainder when t is divided by f?
3
Let n(q) = -4*q - 6. What is the remainder when n(-6) is divided by 5 + -2 - (-1 + -6)?
8
Let b(k) = 2*k - 2 - k - 1 + 7. What is the remainder when (2 + (-42)/10)*-5 is divided by b(0)?
3
Suppose 4*d - 48 = 5*k, -2*k - 3 - 5 = 0. Suppose 0 = -685*g + 682*g + 6. Calculate the remainder when d is divided by g.
1
Let o be (-42)/(-8) - (-5)/(-20). Suppose 2*r = -3*v - 28, o*r + 5*v + 29 = -46. Let t = -1 - r. What is the remainder when 47 is divided by t?
15
Let z be 0/(2*(-2 - -3)). Suppose 4 = -h, h + 14 = 2*s - z*s. Calculate the remainder when 5/20 + 93/12 is divided by s.
3
Let r be (-21)/14*(-8)/6. Let j(d) = 2*d - 3 + r + 4*d**2 - d**2. Calculate the remainder when 6 is divided by j(1).
2
Suppose -3*t + 4*s + 21 = 0, -3*t + t - s + 3 = 0. Suppose 0 = -t*h - 2*h + 60. Calculate the remainder when 46 is divided by h.
10
Suppose 0*v = -5*v + 20. Suppose -4*y + 33 = -2*y + 5*c, -v*c = 5*y - 40. What is the remainder when 14 is divided by y?
2
Suppose -5*q = 5 + 15. Let d = q - -20. Suppose -3*f = -53 - 88. What is the remainder when f is divided by d?
15
Let u = 11 + -1. Calculate the remainder when u is divided by (21/(-9) + 2)*-18.
4
Let t(m) = 6*m - 1. Let g be t(1). Suppose 0 = -g*j - 25, -j + 71 = 5*x + 16. What is the remainder when 23 is divided by x?
11
Suppose -4*g = 5*g - 81. Calculate the remainder when 31 is divided by g.
4
Suppose 39 + 1 = 4*p. Let v(o) = 2*o**2 - 2*o + 4. What is the remainder when v(4) is divided by p?
8
Suppose 8 = -2*f + 3*c, -4*f + 13 = 3*c - 7. Let d = f + 4. Suppose -d*m + m + 190 = 0. Calculate the remainder when m is divided by 10.
8
Let x(k) = 54*k - 9. Calculate the remainder when x(3) is divided by 13.
10
Suppose 0*r + 60 = 4*r - 4*u, 5*r - 4*u = 71. What is the remaind